**3 + 12*p**2 - 17*p - 7. Determine h(2).
-1
Let y(g) = -g**2 - 105*g - 2749. Calculate y(-52).
7
Let h(d) = d**3 - 149*d**2 + 58*d - 8628. Calculate h(149).
14
Let a(w) = 16*w + 604. Determine a(-38).
-4
Let a(q) = -3*q**3 + 33*q**2 + 29*q - 191. Give a(11).
128
Let q(i) = -10690*i - 42755. Determine q(-4).
5
Let x(n) = -n**3 + 10*n**2 - 16*n + 487. Calculate x(12).
7
Let t(o) = 56*o + 344. Calculate t(-8).
-104
Let t(l) = -l**3 + 279*l**2 + 2002*l + 1. Determine t(-7).
1
Let o(h) = -137*h**2 + 14*h + 4. Calculate o(2).
-516
Let a(x) = -8*x**3 + 4*x**2 + 19*x - 50. What is a(3)?
-173
Let x(o) = 2*o**3 - 198*o**2 - 17*o + 1675. Determine x(99).
-8
Let i(h) = -586*h - 8224. Calculate i(-14).
-20
Let d(x) = -13*x**2 - 96*x - 106. Give d(-6).
2
Let w(c) = -5*c**2 - 91*c + 23. Determine w(-20).
-157
Let l(s) = -s**3 + 27*s**2 - 2*s + 73. Give l(27).
19
Let y(m) = 3*m**2 + 114*m - 627. Determine y(5).
18
Let c(j) = -3*j**2 + 36*j - 72. Give c(8).
24
Let v(q) = 7*q**2 + 189*q + 31. Determine v(-27).
31
Let u(h) = -7*h**2 - 80*h - 42. Give u(-11).
-9
Let o(w) = -34*w - 646. What is o(-24)?
170
Let j(s) = -141*s + 19. Give j(4).
-545
Let c(h) = 148*h + 3834. Give c(-26).
-14
Let q(f) = f**3 - 19*f**2 + 60*f - 1033. What is q(19)?
107
Let t(a) = a**3 + 62*a**2 + 178*a + 140. Determine t(-59).
81
Let m(b) = 327*b**3 - 2*b + 2. Calculate m(1).
327
Let l(w) = -10*w - 744. Calculate l(-43).
-314
Let y(l) = l**2 + 7*l - 75. What is y(-9)?
-57
Let m(w) = 1549*w - 23231. Give m(15).
4
Let o(b) = b**3 - 14*b**2 + 19*b - 66. Calculate o(12).
-126
Let q(c) = 147*c - 209. Calculate q(1).
-62
Let o(u) = -3*u**2 + 24*u + 196. What is o(20)?
-524
Let t(k) = 85*k + 546. Calculate t(-15).
-729
Let v(p) = 40*p - 4200. Give v(105).
0
Let r(z) = 426*z + 48989. Give r(-115).
-1
Let x(b) = -b**3 + 5*b**2 + 42*b - 68. Calculate x(8).
76
Let p(j) = j**2 + 39*j + 80. Give p(0).
80
Let z(l) = 2*l**3 - 8*l**2 + 27*l - 40. What is z(4)?
68
Let i(q) = -129*q + 1290. Calculate i(10).
0
Let l(o) = o**3 + 43*o**2 + 191*o + 23. What is l(-38)?
-15
Let d(m) = 24*m - 434. Calculate d(19).
22
Let h(q) = -q**2 - 74*q - 1194. Calculate h(-24).
6
Let r(z) = -26*z**2 + 33*z + 101. Calculate r(-3).
-232
Let s(h) = -21*h**3 - 38*h**2 - 7*h - 19. Give s(-2).
11
Let v(h) = 2*h**2 - 55*h - 161. Give v(29).
-74
Let x(p) = -17*p**2 - 271*p + 10. What is x(-16)?
-6
Let v(f) = -353*f + 375. What is v(1)?
22
Let w(b) = -2*b**3 - 16*b**2 - 2*b + 21. Give w(0).
21
Let u(r) = 41*r + 41. Give u(-4).
-123
Let x(q) = 1559*q - 2. Give x(0).
-2
Let w(m) = 7*m**2 - 187*m + 607. Determine w(23).
9
Let m(a) = 167*a + 4848. Determine m(-29).
5
Let h(d) = -d**2 - 70*d + 257. Give h(-74).
-39
Let x(p) = p**3 - 58*p**2 + 254*p + 588. Give x(53).
5
Let z(h) = -119*h + 4188. Determine z(35).
23
Let r(a) = a**3 + 44*a**2 - 98*a - 277. Give r(-46).
-1
Let l(u) = -2*u**2 + 14*u + 95. Calculate l(-5).
-25
Let p(x) = 2*x**3 + 15*x - 118. Give p(0).
-118
Let n(q) = -71*q - 597. Determine n(-9).
42
Let b(r) = r**3 + 5*r**2 - 176*r - 2. Calculate b(-16).
-2
Let x(u) = 256*u + 2107. Determine x(-8).
59
Let z(i) = -i**2 - 8*i + 11. Give z(-5).
26
Let k(x) = -4*x**2 - 24*x + 4. Give k(-7).
-24
Let c(y) = 77*y - 1392. What is c(18)?
-6
Let o(v) = v**2 - 131*v + 4283. Calculate o(67).
-5
Let t(i) = i**3 + 131*i**2 + 259*i + 222. Give t(-129).
93
Let x(w) = 2*w**2 - 21*w + 26. Give x(8).
-14
Let g(s) = -31*s + 432. Calculate g(14).
-2
Let a(v) = -392*v + 6274. Determine a(16).
2
Let f(b) = b**2 + 112*b + 500. Calculate f(-108).
68
Let l(r) = -7*r**2 - 71*r + 14. Determine l(-9).
86
Let m(l) = -2*l**3 + 196*l**2 - l + 94. Give m(98).
-4
Let j(t) = -t**3 + 9*t**2 + 21*t - 92. What is j(11)?
-103
Let m(p) = 657*p - 5229. Determine m(8).
27
Let w(q) = q**3 + 42*q**2 + 189*q + 119. What is w(-37)?
-29
Let k(y) = -105*y + 2848. What is k(27)?
13
Let x(p) = 7*p**3 - 3*p**2 + 13*p - 7. What is x(-3)?
-262
Let p(t) = -5*t**3 + 215*t**2 - 12. What is p(43)?
-12
Let a(f) = -f**2 + 20*f - 107. Determine a(11).
-8
Let q(s) = -7*s - 359. Calculate q(3).
-380
Let a(x) = x**2 + 8*x - 104. Give a(-15).
1
Let z(n) = n**3 + 81*n**2 + 1620*n. Determine z(-36).
0
Let s(x) = -x**3 + 78*x**2 - 1378*x + 60. Determine s(51).
9
Let u(f) = 2*f**2 + 127*f + 436. Calculate u(-59).
-95
Let k(f) = -21*f - 1534. Determine k(-73).
-1
Let b(k) = -13*k**3 + 7*k + 15. What is b(-3)?
345
Let y(w) = w**3 + 22*w**2 - 85*w - 1423. Calculate y(-23).
3
Let q(z) = -244*z**2 + 1460*z + 24. Give q(6).
0
Let u(y) = y**2 + 44*y + 117. Calculate u(-41).
-6
Let r(j) = 6053*j - 175541. What is r(29)?
-4
Let o(a) = 3*a**2 - 59*a - 976. What is o(30)?
-46
Let x(o) = 13*o**2 + 390*o - 1773. Determine x(-34).
-5
Let g(x) = x**2 - 21*x + 44. Determine g(21).
44
Let r(m) = 3*m + 16. Give r(6).
34
Let h(z) = 88*z**2 - 2730*z + 42. What is h(31)?
-20
Let h(p) = -1313*p + 15765. Give h(12).
9
Let m(d) = 2*d**3 + d**2 - 9*d + 32. Determine m(0).
32
Let h(y) = y**2 + 9*y + 12. Give h(-4).
-8
Let q(r) = 65*r - 98. Determine q(-7).
-553
Let x(l) = 1246*l + 3710. Give x(-3).
-28
Let u(a) = -226*a - 6844. Determine u(-30).
-64
Let b(f) = -2*f**2 + 141*f + 879. What is b(76)?
43
Let f(c) = -c**3 - 6*c**2 - 14*c - 72. Give f(-4).
-48
Let j(t) = 8*t**2 - 73*t - 188. Give j(11).
-23
Let t(x) = 20*x + 248. Determine t(-7).
108
Let q(x) = -x**3 - 84*x**2 - 1230*x - 11. Give q(-19).
-106
Let c(h) = 2*h**2 - 147*h + 223. What is c(72)?
7
Let x(l) = 87*l + 44. What is x(-2)?
-130
Let k(u) = -689*u + 3953. Calculate k(6).
-181
Let d(q) = 28*q**2 - 21*q + 6. What is d(-2)?
160
Let y(q) = q**3 + 14*q**2 - 38*q - 79. What is y(-15)?
266
Let u(r) = 2*r**2 - 32*r - 31. Give u(-1).
3
Let v(y) = 13*y - 114. Determine v(16).
94
Let c(x) = -20*x**3 + 280*x**2 - 4*x + 62. Determine c(14).
6
Let j(y) = y**3 - 8*y**2 - 13*y - 2. Give j(6).
-152
Let t(x) = -x**2 - 54*x + 1059. Calculate t(17).
-148
Let h(a) = -3*a**2 - 26*a + 116. Give h(-12).
-4
Let b(t) = t**3 + 27*t**2 - 62*t - 133. What is b(-29)?
-17
Let b(r) = -21*r**2 - 913*r + 20. Calculate b(-43).
450
Let i(c) = -28*c + 2726. Calculate i(96).
38
Let g(y) = -6*y + 63. What is g(-12)?
135
Let t(n) = -n**3 - 9*n**2 - 3*n + 87. Give t(-6).
-3
Let g(m) = -3*m**3 + 13*m**2 - 11*m - 2. Calculate g(3).
1
Let c(n) = n**3 + 11*n**2 - 574*n + 61. Determine c(19).
-15
Let q(d) = d**3 + 24*d**2 + 6*d + 132. Give q(-24).
-12
Let l(y) = -4884*y - 39063. Give l(-8).
9
Let l(x) = -x**3 - 7*x**2 + 82*x - 32. What is l(6)?
-8
Let c(k) = k**2 - 9*k - 65. What is c(-6)?
25
Let x(b) = 73*b + 1751. Calculate x(-30).
-439
Let r(k) = -k**3 + 73*k**2 - 341*k + 163. Calculate r(68).
95
Let l(y) = 108*y**2 - 456*y - 416. Give l(5).
4
Let y(m) = -6*m + 5. What is y(3)?
-13
Let t(r) = 2779*r - 5555. Determine t(2).
3
Let d(h) = h**3 + 51*h**2 + 31*h - 1930. Calculate d(-50).
-980
Let i(f) = -f**2 + 22*f + 902. What is i(-21)?
-1
Let x(h) = 28*h + 1227. What is x(-44)?
-5
Let n(p) = 855*p - 6866. Determine n(8).
-26
Let b(y) = y**2 - 150*y - 1044. Give b(157).
55
Let f(b) = -32*b**2 + 58*b + 1. Determine f(3).
-113
Let x(h) = -7*h**2 - 47*h - 307. What is x(-6)?
-277
Let d(h) = -10*h + 16. Determine d(-9).
106
Let j(f) = -4*f**3 - 71*f**2 + 22*f + 82. What is j(-18)?
10
Let x(h) = -15*h - 712. Calculate x(-40).
-112
Let i(w) = -w**3 - 16*w**2 + 39*w + 33. Calculate i(-18).
-21
Let y(m) = m**3 + 14*m**2 + 50*m + 83. Give y(-9).
38
Let u(c) = 4*c + 113. What is u(-27)?
5
Let a(k) = -k**2 + 45*k - 494. What is a(23)?
12
Let l(h) = -21*h**2 + 30*h - 31. Determine l(1).
-22
Let c(o) = 2*o**2 + 8*o - 325. Give c(11).
5
Let m(a) = 4*a**3 + 4*a - 138. Determine m(0).
-138
Let b(p) = p**3 - 79*p**2 - 2219*p - 303. What is b(101)?
0
Let u(v) = v**3 + 132*v**2 + 127*v - 489. Give u(-131).
35
Let c(r) = 20*r + 121. Determine c(-6).
1
Let l(j) = j**3 - 7*j**2 + 10*j + 22. What is l(6)?
46
Let i(w) = -3*w**3 + 7*w**2 + 23*w - 6. Give i(4).
6
Let w(f) = 2*f**3 + 83*f**2 - 17*f + 1051. Give w(-42).
1
Let a(t) = 129*t**3 + 9*t**2 + 5*t - 4. Determine a(-1).
-129
Let x(t) = -38*t**2 + 18*t - 15. Give x(1).
-35
Let l(u) = 135*u - 12279. Calculate l(91).
6
Let s(y) = 3*y**2 + 323*y - 768. Give s(-110).
2
Let p(i) = -i**2 + 69*i - 264. Calculate p(64).
56
Let s(v) = -v**3 + 16*v**2 - 93*v + 1165. Calcula